hat are the prime factors of 139018818?
2, 3, 31, 109, 6857
What are the prime factors of 2670674378?
2, 313, 4266253
List the prime factors of 12285124.
2, 3071281
What are the prime factors of 499288029?
3, 131, 197, 6449
List the prime factors of 483001093.
17, 47, 103, 5869
List the prime factors of 245936361.
3, 11, 19, 31, 12653
List the prime factors of 72007249.
72007249
List the prime factors of 2290561353.
3, 254506817
List the prime factors of 2115074232.
2, 3, 29376031
List the prime factors of 218994627.
3, 19, 3842011
List the prime factors of 24503027.
19, 23, 47, 1193
List the prime factors of 3245012093.
15907, 203999
List the prime factors of 207517690.
2, 5, 47, 441527
What are the prime factors of 66645830?
2, 5, 383, 17401
List the prime factors of 20684394.
2, 3, 691, 1663
What are the prime factors of 5279085412?
2, 17, 29, 373, 7177
What are the prime factors of 1064572917?
3, 23, 37, 416989
List the prime factors of 34417311.
3, 11472437
What are the prime factors of 52549345?
5, 19, 353, 1567
What are the prime factors of 127702190?
2, 5, 7, 11, 15077
What are the prime factors of 14105226?
2, 3, 1097, 2143
List the prime factors of 2176944675.
3, 5, 307, 94547
List the prime factors of 29550848.
2, 89, 1297
List the prime factors of 303321408.
2, 3, 13, 121523
What are the prime factors of 81546333?
3, 11, 2471101
List the prime factors of 14281322.
2, 11, 649151
What are the prime factors of 1748962031?
1748962031
What are the prime factors of 182125?
5, 31, 47
List the prime factors of 16811267.
11, 919, 1663
What are the prime factors of 163037507?
29, 5621983
List the prime factors of 63000055.
5, 2971, 4241
List the prime factors of 92863735.
5, 19, 977513
What are the prime factors of 593948019?
3, 7, 137, 206447
What are the prime factors of 65293256?
2, 7, 1165951
What are the prime factors of 47315059?
11, 4301369
What are the prime factors of 377700833?
377700833
What are the prime factors of 320626136?
2, 40078267
What are the prime factors of 1844902507?
7, 263557501
What are the prime factors of 71818876?
2, 727, 24697
What are the prime factors of 1377681703?
1377681703
What are the prime factors of 2344319601?
3, 13, 17, 3535927
List the prime factors of 214334632.
2, 1777, 15077
List the prime factors of 102799416.
2, 3, 101, 42409
List the prime factors of 101368489.
53, 1912613
What are the prime factors of 2719722017?
2143, 1269119
What are the prime factors of 1347532884?
2, 3, 157, 238417
List the prime factors of 1994640885.
3, 5, 44325353
What are the prime factors of 56584707?
3, 18861569
List the prime factors of 29655662.
2, 14827831
What are the prime factors of 231554604?
2, 3, 3527, 5471
List the prime factors of 8359743.
3, 7, 29, 37, 53
What are the prime factors of 3589323245?
5, 1993, 360193
What are the prime factors of 380106783?
3, 7, 2011147
List the prime factors of 1827394.
2, 239, 3823
List the prime factors of 9758777.
7, 59, 23629
List the prime factors of 2995183672.
2, 13, 2179, 13217
What are the prime factors of 148081268?
2, 23, 59, 27281
List the prime factors of 4025460.
2, 3, 5, 23, 2917
What are the prime factors of 823783461?
3, 97, 2830871
List the prime factors of 383140866.
2, 3, 17, 29, 129527
What are the prime factors of 1722304432?
2, 29, 3711863
List the prime factors of 148130356.
2, 11, 43, 59, 1327
List the prime factors of 3375532391.
7, 11, 97, 451939
List the prime factors of 81015428.
2, 13, 643, 2423
List the prime factors of 761696941.
107, 7118663
List the prime factors of 342849332.
2, 7, 12244619
List the prime factors of 221512337.
661, 335117
What are the prime factors of 3044081222?
2, 7, 13, 29, 576749
List the prime factors of 2158577788.
2, 17, 683, 46477
List the prime factors of 851778814.
2, 1097, 388231
What are the prime factors of 1044132289?
19, 54954331
What are the prime factors of 169717368?
2, 3, 23, 41, 7499
What are the prime factors of 7348642?
2, 7, 71, 7393
List the prime factors of 382604051.
709, 539639
List the prime factors of 5713528366.
2, 7, 13, 53, 592321
List the prime factors of 581416176.
2, 3, 11, 761, 1447
List the prime factors of 98651228.
2, 13, 1897139
List the prime factors of 1820090484.
2, 3, 19, 137, 19423
List the prime factors of 37037697.
3, 12345899
List the prime factors of 290991857.
13, 22383989
List the prime factors of 5420804340.
2, 3, 5, 7, 41, 44971
List the prime factors of 2485421835.
3, 5, 13, 12745753
List the prime factors of 35954440.
2, 5, 503, 1787
List the prime factors of 463712511.
3, 1459, 105943
List the prime factors of 35776293.
3, 7, 23, 74071
What are the prime factors of 32079333?
3, 11, 13, 37, 43, 47
List the prime factors of 176053503.
3, 61, 962041
What are the prime factors of 209122971?
3, 69707657
What are the prime factors of 3405968123?
43, 61, 281, 4621
What are the prime factors of 1979708953?
79, 859, 29173
What are the prime factors of 520974616?
2, 65121827
List the prime factors of 74495093.
74495093
List the prime factors of 42181997.
11, 13, 294979
What are the prime factors of 66624675?
3, 5, 13, 23, 2971
List the prime factors of 63357245.
5, 7, 36943
List the prime factors of 65123709.
3, 7, 83, 37363
What are the prime factors of 66123195?
3, 5, 83, 173, 307
List the prime factors of 4870299.
3, 7, 231919
What are the prime factors of 1004376204?
2, 3, 13, 2146103
List the prime factors of 243963080.
2, 5, 29, 43, 67, 73
List the prime factors of 194149314.
2, 3, 1181, 9133
What are the prime factors of 1446336322?
2, 1933, 374117
What are the prime factors of 525519351?
3, 7, 17, 71, 6911
What are the prime factors of 1101070329?
3, 23, 15957541
What are the prime factors of 1915529233?
53, 36142061
List the prime factors of 1786070593.
359, 4975127
List the prime factors of 5505185.
5, 7, 157291
List the prime factors of 7381577594.
2, 2089, 1766773
What are the prime factors of 592790636?
2, 148197659
List the prime factors of 41925308.
2, 1913, 5479
List the prime factors of 3006064933.
17, 61, 2898809
List the prime factors of 115044373.
19, 6054967
What are the prime factors of 5260727560?
2, 5, 11, 11956199
List the prime factors of 202403711.
89, 229, 9931
What are the prime factors of 2702606920?
2, 5, 13, 439, 11839
List the prime factors of 1790330180.
2, 5, 17, 167, 31531
What are the prime factors of 16825046?
2, 7, 29, 1429
List the prime factors of 340971764.
2, 7, 107, 113809
What are the prime factors of 4986035?
5, 997207
What are the prime factors of 120339591?
3, 40113197
List the prime factors of 4791831469.
24391, 196459
List the prime factors of 34360855.
5, 6872171
What are the prime factors of 2394585519?
3, 798195173
List the prime factors of 45603839.
269, 169531
What are the prime factors of 542402166?
2, 3, 37, 1021, 2393
List the prime factors of 6806219.
7, 653, 1489
What are the prime factors of 3158829320?
2, 5, 31, 59, 43177
List the prime factors of 384204527.
7, 43, 487, 2621
What are the prime factors of 14971504?
2, 935719
What are the prime factors of 1098197818?
2, 199, 2759291
List the prime factors of 2595682196.
2, 17, 1823, 20939
List the prime factors of 993246551.
11, 43, 2099887
What are the prime factors of 82535251?
82535251
What are the prime factors of 224631377?
47, 127, 37633
What are the prime factors of 100278951?
3, 33426317
List the prime factors of 109955749.
37, 2971777
What are the prime factors of 34593176?
2, 41, 105467
What are the prime factors of 74127557?
7, 733, 14447
List the prime factors of 706765257.
3, 11, 41, 6449
List the prime factors of 407829977.
1297, 314441
List the prime factors of 5230726553.
13, 109, 653, 5653
What are the prime factors of 377352347?
377352347
List the prime factors of 194081311.
29, 233, 28723
List the prime factors of 34728781.
23, 1509947
List the prime factors of 1665576606.
2, 3, 277596101
List the prime factors of 219353485.
5, 13, 41, 53, 1553
What are the prime factors of 130809747?
3, 17, 107, 23971
List the prime factors of 3020610032.
2, 11, 743, 23099
List the prime factors of 4441349807.
17, 19, 3371, 4079
List the prime factors of 3362975161.
7, 13, 47, 59, 13327
What are the prime factors of 24625326?
2, 3, 11, 43, 8677
What are the prim